 of 1 and 1174949?
1
Calculate the greatest common divisor of 11016 and 7724160.
648
What is the highest common divisor of 4183608 and 2834?
26
Calculate the greatest common factor of 1109700 and 975.
75
Calculate the greatest common factor of 34290 and 254685.
15
What is the highest common factor of 24014537 and 1448?
181
Calculate the greatest common divisor of 1436811336 and 776.
776
Calculate the highest common divisor of 8443869 and 21.
21
What is the highest common divisor of 186 and 590476530?
186
What is the highest common divisor of 15 and 611619?
3
What is the greatest common factor of 109 and 255677?
1
Calculate the greatest common factor of 43945 and 1526184.
517
What is the greatest common factor of 3936 and 7998?
6
What is the greatest common factor of 33181998 and 5232?
654
Calculate the highest common divisor of 33424920 and 9288.
216
What is the highest common divisor of 67845 and 2010?
15
Calculate the highest common factor of 3252348296 and 9076.
9076
Calculate the highest common divisor of 509796 and 4500.
36
Calculate the highest common divisor of 14 and 6539939.
7
What is the highest common factor of 11452351 and 925?
37
Calculate the greatest common divisor of 148294 and 7318169.
1399
What is the highest common divisor of 145 and 31634882?
29
What is the greatest common factor of 21 and 8055824?
7
Calculate the highest common divisor of 31907589 and 5787.
1929
What is the greatest common factor of 256 and 37473248?
32
What is the highest common divisor of 217781498 and 1892?
946
What is the greatest common factor of 5187 and 58958718?
273
What is the highest common factor of 117935 and 1028455?
515
What is the greatest common factor of 12 and 2107622904?
12
Calculate the greatest common divisor of 2966525991 and 2739.
2739
What is the highest common factor of 111418 and 8369458?
6554
What is the highest common factor of 4481640 and 31650?
6330
What is the highest common divisor of 377 and 194220221?
377
Calculate the greatest common divisor of 117 and 54092844.
117
Calculate the greatest common factor of 485811 and 18981.
513
Calculate the highest common factor of 22 and 3674530.
2
What is the greatest common divisor of 1233 and 2536418?
137
Calculate the highest common divisor of 75570 and 1858335.
3435
What is the highest common factor of 588 and 69726069?
147
What is the highest common divisor of 87852 and 708?
12
Calculate the greatest common factor of 19 and 102011779.
19
Calculate the highest common divisor of 177129936 and 99.
9
Calculate the highest common divisor of 299496240 and 48.
48
What is the highest common factor of 9002 and 149242872?
1286
Calculate the greatest common factor of 12 and 10400608.
4
What is the highest common divisor of 956792 and 370817?
601
Calculate the greatest common divisor of 10512 and 450045.
657
Calculate the greatest common divisor of 24855642 and 18.
18
Calculate the greatest common divisor of 8760 and 204348.
12
What is the greatest common factor of 9842996 and 124?
124
Calculate the greatest common divisor of 1182325 and 25.
25
Calculate the greatest common factor of 2907219 and 36897.
147
What is the greatest common divisor of 2866639404 and 916?
916
What is the highest common divisor of 413490 and 19140?
330
What is the highest common factor of 21 and 6068850459?
21
Calculate the highest common factor of 30863 and 1133113.
4409
Calculate the highest common factor of 7734584 and 33.
11
What is the greatest common divisor of 2438 and 554592?
106
What is the greatest common divisor of 348372 and 32184?
36
Calculate the highest common factor of 2538192 and 6736.
16
Calculate the highest common factor of 17077294 and 104.
26
What is the highest common factor of 9889 and 50809?
341
What is the highest common divisor of 8 and 103843618?
2
What is the highest common factor of 2085 and 301879505?
695
What is the highest common divisor of 9900 and 10922175?
2475
What is the greatest common divisor of 277829282 and 598?
46
Calculate the highest common factor of 2162736 and 2502216.
1656
Calculate the highest common factor of 1212518 and 63526.
2762
What is the greatest common factor of 299345 and 1894395?
2185
What is the greatest common divisor of 21666771 and 2781?
2781
Calculate the highest common divisor of 1940619 and 3.
3
Calculate the greatest common divisor of 78360 and 22240.
40
Calculate the highest common factor of 629550 and 810.
90
Calculate the greatest common divisor of 382258968 and 936.
312
What is the greatest common factor of 52 and 261469?
13
Calculate the greatest common divisor of 8140790 and 667590.
1190
What is the greatest common factor of 143184532 and 798?
38
What is the greatest common divisor of 3003 and 3781349?
143
Calculate the greatest common divisor of 250754 and 9716.
14
Calculate the greatest common factor of 13174 and 128380.
14
What is the highest common factor of 5218 and 154291042?
5218
What is the greatest common factor of 10029220 and 6808?
148
What is the greatest common factor of 36555484 and 7?
7
Calculate the highest common factor of 258444 and 173556.
108
Calculate the highest common divisor of 37495761 and 204.
51
Calculate the highest common factor of 1171815 and 855.
15
Calculate the greatest common divisor of 2532059 and 5239246.
7297
What is the highest common divisor of 2436 and 30988356?
2436
What is the greatest common divisor of 200 and 112176700?
100
What is the highest common divisor of 3679621 and 1188?
11
What is the highest common factor of 565 and 20216717?
113
What is the highest common factor of 550 and 6408820?
110
Calculate the greatest common divisor of 61654 and 118262.
58
What is the highest common divisor of 221484680 and 20680?
1880
Calculate the greatest common divisor of 488307 and 81.
3
What is the highest common factor of 24586933 and 7189?
553
Calculate the highest common divisor of 11682970 and 620.
310
What is the greatest common factor of 87380 and 4284?
68
What is the highest common factor of 1716 and 364221?
429
Calculate the greatest common divisor of 1232 and 1434270992.
1232
Calculate the highest common divisor of 4142096 and 2170.
434
Calculate the highest common factor of 593 and 100420399.
593
Calculate the greatest common divisor of 2553 and 63628419.
2553
What is the highest common divisor of 13969 and 2686857?
229
What is the greatest common factor of 22956 and 817992?
12
Calculate the greatest common divisor of 6331520 and 6849.
761
Calculate the highest common factor of 4648284 and 432.
36
Calculate the greatest common factor of 19985380 and 20.
20
What is the highest common divisor of 176 and 3251704?
8
What is the highest common factor of 178673 and 5973473?
4829
Calculate the greatest common divisor of 15285814 and 1304.
326
What is the greatest common factor of 444 and 654612?
12
What is the greatest common divisor of 75052 and 1310684?
116
What is the highest common factor of 175366864 and 16841?
1531
What is the highest common divisor of 66235 and 3327035?
5095
Calculate the highest common factor of 192226 and 84517.
223
What is the greatest common divisor of 54 and 1912436730?
54
What is the greatest common factor of 1031 and 70181201?
1031
Calculate the highest common factor of 12324448 and 1408.
32
Calculate the highest common factor of 243 and 8802.
27
What is the greatest common divisor of 283674137 and 83867?
11981
What is the highest common factor of 76042 and 1168422?
386
What is the highest common divisor of 728 and 11719435?
91
What is the greatest common factor of 66 and 253516406?
22
Calculate the highest common divisor of 1036796 and 2856.
68
What is the greatest common factor of 32 and 389362848?
32
Calculate the greatest common factor of 1623 and 103703749.
541
What is the highest common divisor of 408243 and 94937?
139
What is the greatest common divisor of 3846 and 10782?
6
Calculate the greatest common factor of 27560 and 2132455.
3445
Calculate the highest common factor of 182999 and 9.
1
Calculate the highest common factor of 6368993 and 3151.
137
Calculate the highest common divisor of 90886 and 1325682.
3134
What is the greatest common divisor of 6122024 and 350627?
547
Calculate the greatest common factor of 17545199 and 13369.
461
What is the highest common div